3
List the prime factors of 789.
3, 263
List the prime factors of 14761.
29, 509
List the prime factors of 122145.
3, 5, 17, 479
List the prime factors of 24071.
24071
List the prime factors of 7913.
41, 193
List the prime factors of 2967.
3, 23, 43
List the prime factors of 2570.
2, 5, 257
List the prime factors of 1149.
3, 383
What are the prime factors of 19719?
3, 7, 313
What are the prime factors of 44125?
5, 353
List the prime factors of 7136.
2, 223
What are the prime factors of 9629?
9629
List the prime factors of 2255.
5, 11, 41
What are the prime factors of 2123?
11, 193
List the prime factors of 2599.
23, 113
What are the prime factors of 47821?
17, 29, 97
What are the prime factors of 202?
2, 101
What are the prime factors of 7920?
2, 3, 5, 11
List the prime factors of 5776.
2, 19
What are the prime factors of 406?
2, 7, 29
List the prime factors of 1461.
3, 487
List the prime factors of 265.
5, 53
List the prime factors of 11871.
3, 1319
What are the prime factors of 4659?
3, 1553
List the prime factors of 2422.
2, 7, 173
What are the prime factors of 62518?
2, 31259
What are the prime factors of 24190?
2, 5, 41, 59
List the prime factors of 142.
2, 71
List the prime factors of 4378.
2, 11, 199
What are the prime factors of 2947?
7, 421
List the prime factors of 14826.
2, 3, 7, 353
List the prime factors of 46144.
2, 7, 103
List the prime factors of 2765.
5, 7, 79
List the prime factors of 27146.
2, 7, 277
What are the prime factors of 4269?
3, 1423
List the prime factors of 185.
5, 37
List the prime factors of 432.
2, 3
List the prime factors of 8001.
3, 7, 127
What are the prime factors of 114?
2, 3, 19
What are the prime factors of 12141?
3, 19, 71
List the prime factors of 9867.
3, 11, 13, 23
List the prime factors of 1096.
2, 137
List the prime factors of 8956.
2, 2239
List the prime factors of 25829.
23, 1123
What are the prime factors of 3388?
2, 7, 11
List the prime factors of 49250.
2, 5, 197
List the prime factors of 43964.
2, 29, 379
List the prime factors of 736.
2, 23
List the prime factors of 400.
2, 5
List the prime factors of 130097.
11, 11827
List the prime factors of 27065.
5, 5413
List the prime factors of 5873.
7, 839
What are the prime factors of 2357?
2357
List the prime factors of 44576.
2, 7, 199
What are the prime factors of 10208?
2, 11, 29
What are the prime factors of 17353?
7, 37, 67
List the prime factors of 15378.
2, 3, 11, 233
List the prime factors of 3112.
2, 389
List the prime factors of 19445.
5, 3889
What are the prime factors of 104223?
3, 7, 709
List the prime factors of 5697.
3, 211
What are the prime factors of 21378?
2, 3, 7, 509
What are the prime factors of 1661?
11, 151
What are the prime factors of 2401?
7
What are the prime factors of 7757?
7757
List the prime factors of 71700.
2, 3, 5, 239
What are the prime factors of 1461?
3, 487
List the prime factors of 1027.
13, 79
What are the prime factors of 2932?
2, 733
List the prime factors of 14531.
11, 1321
List the prime factors of 177.
3, 59
List the prime factors of 1719.
3, 191
List the prime factors of 1451.
1451
List the prime factors of 143791.
143791
What are the prime factors of 72499?
7, 10357
What are the prime factors of 2372?
2, 593
What are the prime factors of 20317?
11, 1847
List the prime factors of 1339.
13, 103
What are the prime factors of 881?
881
List the prime factors of 6272.
2, 7
List the prime factors of 33855.
3, 5, 37, 61
What are the prime factors of 16716?
2, 3, 7, 199
List the prime factors of 188.
2, 47
What are the prime factors of 67760?
2, 5, 7, 11
What are the prime factors of 128?
2
What are the prime factors of 114692?
2, 53, 541
What are the prime factors of 355?
5, 71
List the prime factors of 2186.
2, 1093
List the prime factors of 7333.
7333
What are the prime factors of 7057?
7057
List the prime factors of 5678.
2, 17, 167
List the prime factors of 9130.
2, 5, 11, 83
List the prime factors of 230.
2, 5, 23
List the prime factors of 74936.
2, 17, 19, 29
List the prime factors of 1107.
3, 41
List the prime factors of 37431.
3, 4159
What are the prime factors of 51208?
2, 37, 173
List the prime factors of 63678.
2, 3, 10613
What are the prime factors of 67219?
67219
List the prime factors of 5411.
7, 773
What are the prime factors of 100303?
7, 23, 89
What are the prime factors of 423?
3, 47
What are the prime factors of 1074?
2, 3, 179
List the prime factors of 1382.
2, 691
List the prime factors of 88.
2, 11
List the prime factors of 4995.
3, 5, 37
List the prime factors of 13868.
2, 3467
List the prime factors of 241.
241
What are the prime factors of 1988?
2, 7, 71
List the prime factors of 4899.
3, 23, 71
What are the prime factors of 2423?
2423
What are the prime factors of 32518?
2, 71, 229
What are the prime factors of 114828?
2, 3, 7, 1367
What are the prime factors of 184171?
13, 31, 457
List the prime factors of 2772.
2, 3, 7, 11
List the prime factors of 78833.
31, 2543
List the prime factors of 7795.
5, 1559
List the prime factors of 1027.
13, 79
List the prime factors of 50343.
3, 97, 173
List the prime factors of 11088.
2, 3, 7, 11
List the prime factors of 68454.
2, 3, 3803
What are the prime factors of 15911?
7, 2273
List the prime factors of 24553.
43, 571
What are the prime factors of 1373?
1373
What are the prime factors of 18610?
2, 5, 1861
List the prime factors of 860.
2, 5, 43
List the prime factors of 7097.
47, 151
What are the prime factors of 125183?
125183
What are the prime factors of 12437?
12437
List the prime factors of 24345.
3, 5, 541
What are the prime factors of 2895?
3, 5, 193
List the prime factors of 52652.
2, 13163
List the prime factors of 149.
149
List the prime factors of 2178.
2, 3, 11
List the prime factors of 597.
3, 199
List the prime factors of 2532.
2, 3, 211
List the prime factors of 16942.
2, 43, 197
What are the prime factors of 5025?
3, 5, 67
List the prime factors of 44339.
101, 439
What are the prime factors of 7018?
2, 11, 29
List the prime factors of 46226.
2, 29, 797
List the prime factors of 15355.
5, 37, 83
What are the prime factors of 140556?
2, 3, 13, 17, 53
What are the prime factors of 6363?
3, 7, 101
What are the prime factors of 385?
5, 7, 11
What are the prime factors of 45728?
2, 1429
What are the prime factors of 5153?
5153
List the prime factors of 45.
3, 5
List the prime factors of 8460.
2, 3, 5, 47
List the prime factors of 907.
907
What are the prime factors of 57202?
2, 37, 773
List the prime factors of 4755.
3, 5, 317
List the prime factors of 3139.
43, 73
List the prime factors of 1501.
19, 79
List the prime factors of 33855.
3, 5, 37, 61
List the prime factors of 1393.
7, 199
List the prime factors of 8868.
2, 3, 739
What are the prime factors of 835?
5, 167
What are the prime factors of 1917?
3, 71
What are the prime factors of 18658?
2, 19, 491
List the prime factors of 1080.
2, 3, 5
List the prime factors of 9252.
2, 3, 257
What are the prime factors of 29349?
3, 1087
List the prime factors of 20115.
3, 5, 149
What are the prime factors of 845?
5, 13
What are the prime factors of 10045?
5, 7, 41
List the prime factors of 1233.
3, 137
What are the prime factors of 24613?
151, 163
List the prime factors of 73305.
3, 5, 181
List the prime factors of 46275.
3, 5, 617
List the prime factors of 465.
3, 5, 31
List the prime factors of 9588.
2, 3, 17, 47
List the prime factors of 445.
5, 89
List the prime factors of 18087.
3, 6029
What are the prime factors of 1480?
2, 5, 37
What are the prime factors of 1911?
3, 7, 13
What are the prime factors of 6697?
37, 181
What are the prime factors of 327?
3, 109
List the prime factors of 204.
2, 3, 17
List the prime factors of 1774.
2, 887
What are the prime factors of 151?
151
List the prime factors of 3530.
2, 5, 353
List the prime factors of 514.
2, 257
What are the prime factors of 13354?
2, 11, 607
What are the prime factors of 52729?
67, 787
List the prime factors of 547.
547
List the prime factors of 1868.
2, 467
List the prime factors of 12499.
29, 431
List the prime factors of 26958.
2, 3, 4493
What are the prime factors of 661?
661
List the prime factors of 23182.
2, 67, 173
What are the prime factors of 36751?
11, 13, 257
What are the prime factors of 2430?
2, 3, 5
What